{"id":234,"date":"2008-07-30T15:41:39","date_gmt":"2008-07-30T13:41:39","guid":{"rendered":"http:\/\/www.st-antonius.at\/antonius\/?page_id=177"},"modified":"2019-02-11T23:03:52","modified_gmt":"2019-02-11T22:03:52","slug":"geschichte-und-beschreibung-der-lourdesgrotte","status":"publish","type":"page","link":"https:\/\/www.st-antonius.at\/antonius\/?page_id=234","title":{"rendered":"Die Lourdesgrotte"},"content":{"rendered":"<p><!--more--><\/p>\n<div class=\"rand\" style=\"float: left; width: auto; font-size: 11px;\">\n<p><a href=\"http:\/\/www.st-antonius.at\/antonius\/wp-content\/uploads\/2008\/07\/lourdesgrotte7a.jpg\"><img loading=\"lazy\" decoding=\"async\" class=\"alignleft wp-image-4449 size-full\" src=\"http:\/\/www.st-antonius.at\/antonius\/wp-content\/uploads\/2008\/07\/lourdesgrotte7a.jpg\" alt=\"lourdesgrotte7a\" width=\"250\" height=\"351\" srcset=\"https:\/\/www.st-antonius.at\/antonius\/wp-content\/uploads\/2008\/07\/lourdesgrotte7a.jpg 250w, https:\/\/www.st-antonius.at\/antonius\/wp-content\/uploads\/2008\/07\/lourdesgrotte7a-214x300.jpg 214w\" sizes=\"(max-width: 250px) 100vw, 250px\" \/><\/a><\/p>\n<p><a href=\"http:\/\/www.st-antonius.at\/antonius\/wp-content\/uploads\/2008\/07\/lourdesgrotte2.jpg\"><img loading=\"lazy\" decoding=\"async\" class=\"alignleft wp-image-183 size-full\" title=\"lourdesgrotte2\" src=\"http:\/\/www.st-antonius.at\/antonius\/wp-content\/uploads\/2008\/07\/lourdesgrotte2.jpg\" alt=\"\" width=\"250\" height=\"376\" \/><\/a><\/p>\n<\/div>\n<p>Zum Kapuzinerkloster Bregenz geh\u00f6rt auch die Lourdesgrotte. Sie wurde im Jahre 1887 errichtet und von Bischof Zobl von Feldkirch eingeweiht. Mit der Statue unserer lieben Frau von Lourdes, die die Bregenzer Lourddesgrotte beherbergt, hat es eine besondere Bewandtnis. Sie wurde bald nach den Erscheinunge der Muttergottes nach Angaben der hl. Bernadette hergestellt und als die erste Statue in der Erscheinungsgrotte Massabielle bei Lourdes aufgestellt.<\/p>\n<p>Sie erwies sich aber als zu klein und man hat sie durch eine gr\u00f6\u00dfere ersetzt. Diese erste Statue wurde sp\u00e4ter Papst Pius IX. zum Geschenk gemacht. Papst Leo XIII. \u00fcbergab sie der frommen Gr\u00e4fin Raczinski von Bregenz-Marienberg als Zeichen besonderen Wohlwollens.<\/p>\n<p>Auf Initiative der Gr\u00e4fin Raczinski, deren Wunsch es war, die Statue f\u00fcr die \u00f6ffentliche Verehrung zur Verf\u00fcgung zu stellen, wurde auf dem Vorplatz der Kapuzinerkirche und des Klosters eine Lourdeskapelle errichtet.<\/p>\n<p>1888 wurde die Statue von der Schlo\u00dfkapelle in die neue Kapelle feierliche \u00fcbertragen. Sie war von Anfang an ein Anziehungspunkt f\u00fcr viele Menschen, die ihre Zuflucht zu Maria nehmen. Am 12. September 1913 von Bischof Sigismund Waitz gekr\u00f6nt.<\/p>\n<p>Diese Grotte stellt sicherlich das ehrw\u00fcrdigste Lourdes-Heiligtum in unserem Lande dar. Sie wird von den &#8222;Schwestern der heiligen Klara&#8220;, die im Kapuzinerkloster wohnen, verwaltet und betreut.<\/p>\n","protected":false},"excerpt":{"rendered":"","protected":false},"author":2,"featured_media":4371,"parent":103,"menu_order":0,"comment_status":"closed","ping_status":"closed","template":"","meta":{"footnotes":""},"publishpress_future_action":{"enabled":false,"date":"2026-04-27 10:23:22","action":"Draft","newStatus":"draft","terms":[],"taxonomy":""},"_links":{"self":[{"href":"https:\/\/www.st-antonius.at\/antonius\/index.php?rest_route=\/wp\/v2\/pages\/234"}],"collection":[{"href":"https:\/\/www.st-antonius.at\/antonius\/index.php?rest_route=\/wp\/v2\/pages"}],"about":[{"href":"https:\/\/www.st-antonius.at\/antonius\/index.php?rest_route=\/wp\/v2\/types\/page"}],"author":[{"embeddable":true,"href":"https:\/\/www.st-antonius.at\/antonius\/index.php?rest_route=\/wp\/v2\/users\/2"}],"replies":[{"embeddable":true,"href":"https:\/\/www.st-antonius.at\/antonius\/index.php?rest_route=%2Fwp%2Fv2%2Fcomments&post=234"}],"version-history":[{"count":0,"href":"https:\/\/www.st-antonius.at\/antonius\/index.php?rest_route=\/wp\/v2\/pages\/234\/revisions"}],"up":[{"embeddable":true,"href":"https:\/\/www.st-antonius.at\/antonius\/index.php?rest_route=\/wp\/v2\/pages\/103"}],"wp:featuredmedia":[{"embeddable":true,"href":"https:\/\/www.st-antonius.at\/antonius\/index.php?rest_route=\/wp\/v2\/media\/4371"}],"wp:attachment":[{"href":"https:\/\/www.st-antonius.at\/antonius\/index.php?rest_route=%2Fwp%2Fv2%2Fmedia&parent=234"}],"curies":[{"name":"wp","href":"https:\/\/api.w.org\/{rel}","templated":true}]}}